 c = 9 - 4. Calculate the remainder when c/15*4*48 is divided by 13.
12
Let n(t) = -t**2 + 9*t - 10. What is the remainder when (-30)/9*60/(-8) is divided by n(7)?
1
Let n = -9 + 26. Suppose 13 = -3*s - n. Let c = s + 14. What is the remainder when 15 is divided by c?
3
Let a be 3 + (-36)/10 + (-99)/(-15). Let w(v) = v**2 - v + 1. What is the remainder when 90 is divided by w(a)?
28
Suppose 7*z - 145 - 1346 = 0. What is the remainder when z is divided by 72?
69
Let m be (-4)/(-12)*(129 + 0). Let n = m - 77. Calculate the remainder when -1 + 0 + 0 - n is divided by 9.
6
Let k = -36 + 38. Suppose k*w = 31 - 7. What is the remainder when 33 is divided by w?
9
Let k(c) = -c**3 - c**2 + c - 9. Let b be k(0). Calculate the remainder when 22 is divided by 39/6 - (b/(-6) - 1).
4
Suppose 2*i + 165 = -3*y, y = -0*y + 5*i - 72. Let o = y + 72. What is the remainder when o is divided by 4?
3
Let t(u) = u**3 - 5*u**2 - 8*u - 4. Let a be t(-3). Let v = -36 - a. What is the remainder when 31 is divided by v?
15
Calculate the remainder when 125 is divided by 3 + -2 + 19 - -2.
15
Suppose 2*f = -2*f + 28. Suppose -5*h + 168 = 43. What is the remainder when h is divided by f?
4
Suppose -205 = 6*g - 11*g. Let h(a) = 4*a + 18. Let p(i) = 5*i + 17. Let o(v) = 4*h(v) - 3*p(v). What is the remainder when g is divided by o(-10)?
8
Suppose -26*t + g = -20*t - 125, -2*t = -2*g - 50. Calculate the remainder when t is divided by 3.
2
What is the remainder when (-6 - -152)/(2 - 1) is divided by 49?
48
Let a = 32 + -62. Let d = a - -26. What is the remainder when ((-4)/7)/(d/98) is divided by 5?
4
Suppose -7*k + 68 = -3*k. Suppose 2*y - k = -4*c + 5, 17 = -y + 5*c. Suppose -y - 5 = -v. What is the remainder when 37 is divided by v?
5
Let w(q) = 7*q + 1. Suppose 12*k - 17*k - 180 = 0. Calculate the remainder when w(2) is divided by -3 + ((-1)/(-2))/((-3)/k).
0
Let p = 142 - -143. Suppose 3*s = -3*d + p, -s = -6*d + d + 481. Suppose -7 - 26 = -y. What is the remainder when d is divided by y?
30
Suppose -5*b - 28 = -g, 37 = 2*g + 2*g - 5*b. Let r(n) = 4*n - 7. Let j(c) = c + 1. Let a(v) = 3*j(v) - r(v). What is the remainder when g is divided by a(7)?
0
Let j(l) = -32*l - 11. What is the remainder when j(-10) is divided by 26?
23
Suppose -7*o + 3*o = -92. What is the remainder when o is divided by 10?
3
Let a = -38 - -4. Let f = a - -64. What is the remainder when 56 is divided by 4/f + 1490/75?
16
Let m(v) = -4*v + 6. Let x = -16 - -13. Let b be m(x). Suppose -4*c + 3*c = -b. Calculate the remainder when 51 is divided by c.
15
Suppose -37*c = -44*c + 1442. Calculate the remainder when c is divided by 21.
17
Let n = 183 + -84. Let y be 1/(-2) + n/6. Let v = y + -7. Calculate the remainder when 17 is divided by v.
8
Calculate the remainder when 497 is divided by (4 - 0)/(-4)*-25.
22
Suppose 0 = i - 2*k + 2, -3*i - 5*k - 1 = -17. Suppose 12 = l + 5*n, 0 = -0*l + i*l - 5*n - 24. Calculate the remainder when 59 is divided by l.
11
Suppose -19*n = 43*n - 3286. What is the remainder when 161 is divided by n?
2
Suppose i + 4*k - 12 = 0, 8 = 2*i + i + 5*k. What is the remainder when 16 is divided by (-4 - 0)/(-1) + 0/i?
0
Suppose -13 = -2*o + 3. Let w = -61 + 65. Let r = w + o. What is the remainder when 33 is divided by r?
9
Let k(z) = -z**3 - 27*z**2 + 28*z + 73. Calculate the remainder when k(-28) is divided by 21.
10
Let j(i) = 4*i**2 + 48*i + 17. Suppose -2*z - 3*x + 73 = 0, -2*z = -2*x + 4*x - 76. Calculate the remainder when z is divided by j(-12).
7
Let a(r) = -r**2 - 17*r - 28. Calculate the remainder when 111 is divided by a(-11).
35
Suppose -124 = -2*s - 7*i + 9*i, s - 6*i - 62 = 0. Calculate the remainder when s is divided by 32.
30
Let v(f) be the third derivative of 0*f + 2/3*f**4 + 0 + 10/3*f**3 + 7*f**2 - 1/60*f**5. Calculate the remainder when v(16) is divided by 7.
6
Let w = 24 + -6. Suppose -g + 2 = 0, 2*g - w = -4*v + 26. What is the remainder when 17 is divided by v?
7
Let y = 589 + -574. Calculate the remainder when 1633 is divided by y.
13
Let b(z) = z**2 - 7*z - 76. Calculate the remainder when 283 is divided by b(14).
19
Suppose -4*q - 3 = 5. Let l(x) = -2*x**2 - 3*x. Let h be l(-2). Calculate the remainder when h - ((-6)/q - 76) is divided by 24.
23
Let a = 185 - 166. Calculate the remainder when 72 is divided by a.
15
Suppose 4*u + 13 = 1, -5*l = -4*u - 182. Let t(f) = f + 4 + f**2 - 5*f + 4*f + 4*f. Calculate the remainder when l is divided by t(-5).
7
Let h = -11 + 15. Let j(c) = -c + 24. Let s be j(14). Suppose 4*r - s = 10. What is the remainder when r is divided by h?
1
Suppose -3*q + 32 = 5*p, -4*q + 79 = -3*p + 17. Calculate the remainder when q is divided by -2*(1 - 5/2).
2
Let d be 1*(-5 - -2 - -2). Let r(g) = -15*g + 3. Let o be r(3). Calculate the remainder when (-1 - o)/(d + 2) is divided by 21.
20
Suppose 43*w - 407 = 1098. Calculate the remainder when 102 is divided by w.
32
Suppose 2*n - 511 = -3*f, -159 = 2*n - 3*f - 688. Suppose 0 = -3*j + 7*j - n. What is the remainder when j is divided by 24?
17
Suppose -203*a = -206*a + 180. What is the remainder when 354 is divided by a?
54
Suppose -69 = -4*o + 31. Let m = -145 + 159. Calculate the remainder when o is divided by m.
11
Suppose -13 - 15 = -2*x. Suppose x = -u - 5*q, 0*u + 4*u + 2*q = 34. What is the remainder when 42 is divided by u?
9
Suppose -324 = 19*g - 28*g. Suppose 0 = 3*t + 7*k - 2*k - 426, t + 2*k = 142. Calculate the remainder when t is divided by g.
34
Suppose 2*g - 5*b = 27, 2*g + 3*b - 22 = 13. What is the remainder when 20 is divided by g?
4
Let z = -36 - -58. Let x(f) = 15*f + 11. What is the remainder when x(5) is divided by z?
20
Let h(a) be the second derivative of -a**4/12 - 3*a**3/2 + 12*a**2 - 2*a. What is the remainder when 124 is divided by h(-10)?
12
Let o(m) = 80*m - 352. Calculate the remainder when 670 is divided by o(5).
46
Let y = 24 - 20. Suppose y*q - 58 = 14. Calculate the remainder when 69 is divided by q.
15
Suppose 22 = z - 3*z. Let g be (-2)/14 + 2277/161. Let u = z + g. What is the remainder when 8 is divided by u?
2
Let g(u) = -12*u**2 + 11*u - 33. Let x be g(4). Let v = x + 264. What is the remainder when v is divided by 5?
3
Let b = 1602 + -165. Calculate the remainder when b/27 - 10/45 is divided by 18.
17
Let z = -89 + 124. Suppose -14*y + 5617 = -11. Suppose 59*c - 65*c = -y. Calculate the remainder when c is divided by z.
32
Suppose 20*x - 22*x = -46. Suppose -5*q + 5*p - 17 + 237 = 0, -5*p + 44 = q. Calculate the remainder when q is divided by x.
21
Suppose -p - 8 = -f, -5*f - 3 + 7 = 4*p. Let g = 0 - -3. Let v = g + f. Calculate the remainder when v is divided by 2.
1
Let r(v) = v**2 + 7*v + 17. What is the remainder when r(8) is divided by 12 + 14/(3 + 4)?
11
Suppose 5*u - c = 3*c + 45, 0 = u + 3*c - 28. Let j = 149 - 101. What is the remainder when j is divided by u?
9
Suppose -7*l = l + 896. Let b = l - -301. Calculate the remainder when b is divided by 48.
45
Suppose -8 = -5*s + s. Let w(r) = r**3 + 4*r**2 - 7*r - 2. Calculate the remainder when w(-5) is divided by s.
0
Suppose -4*r + 2*s + 163 = -s, 0 = -2*r + 2*s + 84. What is the remainder when 124 is divided by r?
13
Let x = 144 - 110. Calculate the remainder when x is divided by ((-42)/9)/((-1)/3).
6
Suppose 5*x - 39 = 11. What is the remainder when 2/x*-2 - (-1314)/10 is divided by 19?
17
Suppose 3*r - 24 = 9. Suppose 2*n + r = k + 43, -2*k = 8. Calculate the remainder when 55 is divided by n.
13
Let g = 105 - 19. Calculate the remainder when 262 is divided by g.
4
Let o be (4/(-10))/((-8)/160). Suppose -5*u + 72 = -o. Calculate the remainder when 27 is divided by u.
11
Suppose -5*x = -x - 596. Let t = -80 + x. Suppose g - 3*d - t = -4*g, -5*g = -d - 63. Calculate the remainder when 45 is divided by g.
9
Suppose 28*b - 6734 = 2*b. Calculate the remainder when b is divided by 22.
17
Let p = -41 + 122. Calculate the remainder when 236 is divided by p.
74
Let q(l) = 179*l - 68. Calculate the remainder when q(3) is divided by 150.
19
Let v(o) = -2*o + 87. Calculate the remainder when 63 is divided by v(28).
1
Suppose -5*s = -5*u + 95, s + 6 = 4*u - 76. What is the remainder when 166 is divided by u?
19
What is the remainder when 2232/434*35/2 is divided by 42?
6
What is the remainder 